etermine b(7).
3
Let m(y) = y + 4. Calculate m(3).
7
Let d(i) = 8*i + 12. Give d(-8).
-52
Let g(s) = -7*s**3 + 4*s**2 + 11*s + 9. Determine g(-1).
9
Let v(r) = -2*r - 12. Determine v(-6).
0
Let j(k) = k**2 - 8*k + 7. Give j(5).
-8
Let x(r) = 2*r - 32. Give x(13).
-6
Let v(c) = -2*c**2 - 10*c + 6. Give v(-5).
6
Let a(d) = 6*d**2 + d - 1. Give a(1).
6
Let a(r) = -10*r + 8. Determine a(-1).
18
Let t(a) = 9*a - 5. Give t(2).
13
Let l(f) = f + 5. Determine l(19).
24
Let v(q) = -7*q + 27. What is v(4)?
-1
Let t(a) = -a**2 + 9*a + 21. What is t(12)?
-15
Let z(g) = -g**2 - g. Give z(2).
-6
Let s(r) = 4*r**3 - r**2 - r + 3. Calculate s(2).
29
Let y(m) = m + 9. Give y(9).
18
Let h(s) = s**3 - s**2 - 12*s + 7. What is h(4)?
7
Let a(f) = -f**3 - 15*f**2 - 27*f - 18. Give a(-13).
-5
Let h(l) = l**3 + 9*l**2 - 5*l + 42. Determine h(-10).
-8
Let j(d) = -d - 6. Determine j(7).
-13
Let z(u) = u**2 + 13*u + 51. Calculate z(-7).
9
Let d(r) = -5*r - 8. Give d(-3).
7
Let x(i) = 3*i**2 - 4*i + 3. Determine x(2).
7
Let b(z) = -38*z - 20. Determine b(-1).
18
Let h(s) = -s**3 - 13*s**2 + 13*s - 13. What is h(-14)?
1
Let i(z) = z**3 + 30*z**2 + z + 14. Calculate i(-30).
-16
Let r(z) = -z**3 - 2*z**2 - 3*z - 3. Give r(-3).
15
Let r(h) = -2*h + 2. Calculate r(2).
-2
Let w(b) = b**2 - 6*b + 37. Determine w(7).
44
Let y(r) = 5*r + 49. Give y(-11).
-6
Let n(q) = 2*q**2 + 10*q + 9. Calculate n(-7).
37
Let l(z) = -z**2 + 9*z - 8. Determine l(9).
-8
Let n(f) = -2*f**3 - 5*f**2 - 5*f - 3. What is n(-3)?
21
Let x(q) = 7*q - 11. What is x(2)?
3
Let d(c) = -c**3 + c**2 + 4*c. What is d(-2)?
4
Let a(i) = -2*i**3 - 14*i**2 + 16*i + 2. Give a(-8).
2
Let o(z) = z**3 + 8*z**2 - 25*z - 53. Give o(-10).
-3
Let w(p) = 2*p**2 + 15*p + 22. Determine w(-5).
-3
Let j(k) = k**3 + 7*k**2 - k - 14. What is j(-7)?
-7
Let p(b) = b**3 - 16*b**2 - 17*b + 4. What is p(17)?
4
Let p(z) = -12*z. Determine p(1).
-12
Let s(v) = -4*v. Give s(10).
-40
Let y(h) = h - 14. Calculate y(0).
-14
Let u(h) = 2*h**2 + 7*h - 6. Determine u(-5).
9
Let s(h) = 3*h + 17. Calculate s(-8).
-7
Let y(x) = -x**2 + 57. What is y(0)?
57
Let h(j) = 20*j + 99. Give h(-5).
-1
Let k(h) = 4*h + 181. What is k(-47)?
-7
Let l(s) = -13*s - 3. Determine l(-1).
10
Let p(x) = x**3 - 11*x**2 + 2*x - 17. Calculate p(11).
5
Let w(q) = -2*q**2 + 14*q - 9. Give w(1).
3
Let s(d) = 3*d + 10. What is s(-4)?
-2
Let x(n) = 3*n + 14. Give x(2).
20
Let i(r) = 3*r**3 - r - 1. What is i(-1)?
-3
Let h(u) = u**3 + 6*u**2 + 5*u + 2. Determine h(-5).
2
Let i(o) = -4*o**3 + 3*o**2 + 2*o + 1. Calculate i(2).
-15
Let m(u) = -u**3 - 4*u**2 + 13*u - 4. Calculate m(-6).
-10
Let v(z) = z - 7. What is v(-23)?
-30
Let g(i) = -i**3 + 10*i**2 + 21*i + 43. Give g(12).
7
Let x(a) = -a**3 + 19*a**2 + 25. Determine x(19).
25
Let i(q) = -q**3 + 7*q**2 - 11*q + 12. Give i(5).
7
Let s(a) = -a**2 + 9*a - 5. What is s(5)?
15
Let a(v) = -v + 49. Give a(12).
37
Let d(h) = -2*h**2 + 21*h - 13. Give d(9).
14
Let h(i) = -i**2 + 6*i + 14. Calculate h(7).
7
Let i(m) = -6*m**2 - 2*m - 1. Give i(-1).
-5
Let g(v) = v**3 + 4*v**2 - 7*v - 14. What is g(-5)?
-4
Let o(v) = 23*v - 11. Calculate o(2).
35
Let x(u) = u**3 + 10*u**2 - 10*u - 10. Give x(-11).
-21
Let h(u) = 10*u + 12. Calculate h(4).
52
Let d(u) = -2*u**2 - 13*u - 7. What is d(-7)?
-14
Let r(x) = -x**3 - x**2 - x + 21. What is r(0)?
21
Let z(d) = -2*d**2 - 3*d + 13. What is z(-4)?
-7
Let c(q) = -2*q**3 + 3*q**2 + 3*q - 2. What is c(-2)?
20
Let k(r) = -r**3 - 10*r**2 - 10*r - 11. Give k(-9).
-2
Let q(y) = 24*y - 8. Calculate q(2).
40
Let d(m) = -m**3 + 14*m**2 + 21*m + 182. Calculate d(16).
6
Let f(w) = w. Calculate f(13).
13
Let u(a) = a**3 + 7*a**2 - 6*a - 11. Determine u(-8).
-27
Let x(v) = -3*v - 5. What is x(6)?
-23
Let o(k) = -4*k**3 - 3*k - 3. Determine o(-2).
35
Let g(z) = -z**2 + 8*z + 6. Give g(8).
6
Let n(u) = 11*u - 3. Determine n(1).
8
Let g(k) = k**3 + 10*k**2 + 7*k - 30. Calculate g(-9).
-12
Let m(v) = -2*v**3 + 26*v**2 + 3*v - 40. Calculate m(13).
-1
Let o(g) = -g**2 - 18*g + 46. Give o(-21).
-17
Let w(g) = -g**3 - 3*g**2 + 7. Calculate w(-5).
57
Let b(d) = d + 12. Give b(0).
12
Let d(k) = -3*k + 3. Give d(8).
-21
Let d(f) = f - 15. What is d(6)?
-9
Let m(q) = q**2 - 15*q - 8. Determine m(13).
-34
Let i(q) = -2*q - 27. Calculate i(7).
-41
Let l(q) = -q**2 - 10*q + 1. Give l(0).
1
Let j(p) = -p**3 + 19*p**2 + 20*p + 33. Determine j(20).
33
Let a(v) = v**3 - v**2 - 11*v - 16. Calculate a(-2).
-6
Let r(b) = -b**3 - 7*b**2 - 6*b + 11. Calculate r(-6).
11
Let i(t) = 44*t - 433. Determine i(10).
7
Let k(s) = 21*s + 393. Give k(-19).
-6
Let o(b) = -b**3 + 2*b**2 + b - 4. Determine o(2).
-2
Let j(f) = -f**3 + 10*f**2 - 13*f + 16. Determine j(8).
40
Let r(u) = u**3 + 36*u**2 - 75*u + 28. Calculate r(-38).
-10
Let y(f) = -f - 18. Calculate y(-20).
2
Let k(v) = -v**3 - 4*v**2 - v + 3. Calculate k(-3).
-3
Let u(m) = m**2 - 11*m. Determine u(10).
-10
Let n(h) = 12*h + 97. Calculate n(-8).
1
Let m(t) = 4*t**3 + 20*t**2 + 15*t + 1. What is m(-4)?
5
Let b(y) = -y**2 - 32*y - 207. Determine b(-22).
13
Let j(v) = -v**3 - 3*v**2 + 9*v + 6. Determine j(-5).
11
Let j(o) = o**2 + 8*o - 47. Give j(-13).
18
Let v(o) = o**2 - 7*o - 50. Determine v(12).
10
Let b(w) = w**2 + 26*w + 38. Give b(-21).
-67
Let b(w) = w**3 + 6*w**2 + 6*w + 3. Determine b(-4).
11
Let r(n) = 2*n**3 + 12*n**2 + 17*n + 1. Give r(-4).
-3
Let j(h) = -h**3 - 10*h**2 - 25*h - 70. Give j(-8).
2
Let c(k) = -2*k**2 - 13*k + 3. What is c(-11)?
-96
Let n(d) = -d**3 - 44*d**2 + 45*d + 4. Give n(-45).
4
Let z(u) = u**3 - 7*u**2 + 4*u - 1. What is z(6)?
-13
Let l(i) = -10*i - 87. What is l(-8)?
-7
Let h(f) = -3*f - 8. What is h(6)?
-26
Let r(y) = -y - 15. Calculate r(8).
-23
Let l(x) = x - 24. Give l(33).
9
Let u(p) = -p**3 - 12*p**2 + 2*p + 11. Calculate u(-12).
-13
Let h(n) = n**2 + 15*n + 12. What is h(-14)?
-2
Let c(u) = -2*u**2 - 19*u + 10. Determine c(-10).
0
Let u(n) = -3*n + 1. Determine u(9).
-26
Let h(t) = t**2 - 21*t - 32. What is h(22)?
-10
Let f(k) = 2*k**2 - 15*k - 26. Calculate f(13).
117
Let m(s) = -s**3 - 16*s**2 - 13*s + 17. Determine m(-15).
-13
Let g(v) = v - 34. Determine g(0).
-34
Let h(z) = 2*z**2 - 4*z - 1. What is h(4)?
15
Let m(p) = p**3 + p**2 - 3*p - 1. What is m(-4)?
-37
Let s(v) = 13*v. Determine s(1).
13
Let j(z) = 4*z + 1. Calculate j(1).
5
Let x(f) = -f**2 + 3*f + 3. Give x(3).
3
Let y(r) = -2*r**3 - 4*r**2 + 3*r + 2. Determine y(2).
-24
Let n(h) = h**3 + 9*h**2 - h + 1. Calculate n(-9).
10
Let s(r) = -r**2 - 14*r + 80. What is s(-20)?
-40
Let l(m) = m**2 - 25*m - 360. What is l(35)?
-10
Let u(t) = t**2 + 13*t - 27. Determine u(-15).
3
Let l(v) = 2*v**3 + 5*v**2 + 4*v + 16. Calculate l(-3).
-5
Let n(y) = 2*y**3 - 3*y**2 - 7*y + 8. What is n(4)?
60
Let o(w) = -117*w + 580. Give o(5).
-5
Let g(o) = -8*o**2 - 3*o + 4. Calculate g(1).
-7
Let z(j) = -46*j**2 - j - 1. Give z(1).
-48
Let y(t) = 2*t**2 - 28*t + 19. What is y(10)?
-61
Let x(i) = 4*i - 10. What is x(10)?
30
Let r(c) = c**3 - 11*c**2 - 8*c - 18. Calculate r(11).
-106
Let m(z) = -38*z - 76. What is m(-2)?
0
Let d(y) = -y**2 - 14*y - 10. Calculate d(-10).
30
Let t(g) = g**3 - 30*g**2 + 28*g - 11. Calculate t(29).
-40
Let h(d) = 13*d + 26. Give h(-2).
0
Let c(v) = -v**3 - 10*v**2 - 4*v - 3. Determine c(-10).
37
Let l(m) = -10*m**2 - 8*m - 14. What is l(-4)?
-142
Let q(z) = -z + 23. Determine q(0).
23
Let s(y) = y**2 - 11*y + 5. Give s(10).
-5
Let z(a) = -9*a + 48. Give z(6).
-6
Let t(l) = -l**3 + l - 57. Give t(0).
-57
Let b(s) = s + 27. Give b(-28).
-1
Let j(o) = -o**3 + 10*o**2 - 26*o + 38. Calculate j(7).
3
Let l(n) = n**3 - 12*n**2 - 14*n + 2. What is l(13)?
-11
Let h(b) = b**3 - 5*b**2 + 6*b - 6. Determine h(4).
2
Let v(l) = -l**2 + 16*l + 18. Calculate v(18).
-18
Let n(g) = -g**3 + 10*g - 4. Calculate n(3).
-1
Let s(b) = 6*b + 106. What is s(-15)?
16
Let d(c) = 4*c**2 + 5*c - 4. Calculate d(-4).
40
Let i(u) = -u**2 - 31*u + 30. What is i(-32)?
-2
Let b(f) = 3*f + 7. Give b(-3).
-2
Let o(m) = -m**3 + 10*m**2 + 9*m - 21. Calculate o(11).
-43
Let w(j) = -6*j - 24. Calculate w(-4).
0
Let m(b) = -b**3 - 13*b**2 + 48*b - 5. Calculate m(-16).
-5
Let d(b) = -b**3 + 4*b**2 - 3. Give d(5).
-28
Let u(d) = d**3 + 14*d**2 + 15*d + 28. Give u(-13).
2
Let s(y) = y**3 - 20*y**2 + 2*y - 45. Give s(